f s.
2, 101
Suppose 0*w = -w + 3*u + 16, -5*w = -2*u - 106. Suppose -w*g + 18*g = -48. What are the prime factors of g?
2, 3
Let w(c) = c**3 + c**2 - c. Suppose 0 = -z + 7*z. Let n be w(z). Suppose 3*u + t - 51 = -n*u, -2*t + 30 = 2*u. What are the prime factors of u?
2, 3
Let z(m) = -52*m**3 + 104*m**3 + 8*m - 51*m**3 + 11*m**2 + 19. What are the prime factors of z(-9)?
109
Let b(r) = r**2 + 3*r. Let i be b(-4). Let k be (-13 - -83) + 2 + -2. Suppose i*s + s = k. List the prime factors of s.
2, 7
Let n(f) = -3*f**2. Let c be n(1). Let a be ((-1980)/(-70))/(c/(-14)). Suppose -3*r + 39 = 5*m - 126, 4*m = -4*r + a. List the prime factors of m.
3, 11
Suppose 2*p - 5*p + 2*i + 40 = 0, 2*i + 60 = 5*p. Let a be (29/(-1))/(p/30). Let h = 153 + a. What are the prime factors of h?
2, 3, 11
Suppose -2*o - 17 = -13. List the prime factors of o/(0 + (-6)/69).
23
Let a = -1690 - -3853. List the prime factors of a.
3, 7, 103
Let j(c) be the first derivative of 11*c**3 - c**2/2 - c - 3. Suppose -p - 2 = p. List the prime factors of j(p).
3, 11
What are the prime factors of -224 + 2350 - (-1 + 11)?
2, 23
Let r = -8 + 1. Let m = r + 2. List the prime factors of (m/4)/(5/(-120)).
2, 3, 5
Suppose 0 = -2*t - 4*c + 37 - 1, 5*t = -5*c + 75. What are the prime factors of 3/(t/164)*1?
41
Suppose -206 = -4*i - 58. Suppose -i*m = -40*m + 303. List the prime factors of m.
101
Let o = 33 - 28. Suppose o*j + 5 = 0, -3*j + 185 = 3*g + g. What are the prime factors of g?
47
Suppose -17*l - 20*l + 34151 = 0. List the prime factors of l.
13, 71
Let u = -86 - -88. Suppose -u*s = -82 - 232. What are the prime factors of s?
157
Suppose 683*z = 682*z + 302. What are the prime factors of z?
2, 151
Let q(o) = 3*o**2 - 7*o + 25. What are the prime factors of q(7)?
3, 41
Let b(x) be the second derivative of 7*x**3 + 9*x**2/2 + 43*x. What are the prime factors of b(4)?
3, 59
Let n(x) = 2*x. Suppose 3*z + 0*z + 11 = -4*q, 2*q = 4*z + 22. Let p be n(q). Suppose p*h - 14 = h. What are the prime factors of h?
2, 7
Let x be (-32 - -34)/(0 + 2). Let h(f) = 92*f**2 + 1. List the prime factors of h(x).
3, 31
Let k be -3 + 9/(-3) + -98. Let n = k - -119. What are the prime factors of n?
3, 5
Let d(h) be the first derivative of -1 + 3/2*h**2 + 3*h. List the prime factors of d(10).
3, 11
Suppose 3 = -3*z + 6. Let i be (z*0/(-3))/1. Suppose m = -i*m + 17. List the prime factors of m.
17
List the prime factors of (-5166)/(-10) - -6*(-5)/50.
2, 3, 43
Let v = -98 + -356. List the prime factors of (-22)/(-55) - v/5*2.
2, 7, 13
Suppose -s + p + 5 = 0, -8*s - p = -3*s + 5. Suppose -3*m + 46 = 3*j - 56, s = -4*m + j + 111. List the prime factors of m.
29
Let j = -3033 - -7062. List the prime factors of j.
3, 17, 79
Let v(x) = -x + 28. Let d be v(15). Suppose -7*n + 8*n = -d. Let k = 15 + n. What are the prime factors of k?
2
Let q = -36 + 33. List the prime factors of (54 + -1)/1 + q.
2, 5
Suppose -5*y - 70 = -0*o + o, -y = 1. Let p = o + 279. What are the prime factors of p?
2, 107
Let s = 236 - 618. Let p = -178 - s. What are the prime factors of p?
2, 3, 17
Let c(w) = -w**3 + 11*w**2 + 14*w - 1. Suppose 12 = -0*d + d. Let g be c(d). What are the prime factors of (-3 + 11)/(-4) + g?
3, 7
Suppose 6 = b + n, -b + 2*n = -0*b. Suppose b*u - 114 - 246 = 0. What are the prime factors of u?
2, 3, 5
Let m = 47 - 47. What are the prime factors of (-2)/(((-3)/81 - m)*2)?
3
Let b = -42 + 19. Let f(m) = -m**3 - 8*m**2 + 2*m + 6. Let o be f(-8). Let c = o - b. List the prime factors of c.
13
What are the prime factors of 75/(-15) + (-5 - -1) + 922?
11, 83
List the prime factors of (-4)/(-10) + 774567/445.
1741
Let u(j) = -j**2 + 2*j - 1. Let y be u(1). Suppose y = -x + 5 - 3. Let n(z) = 9*z**2 - 4*z + 3. What are the prime factors of n(x)?
31
Suppose -27 - 15 = -2*k - 2*h, 0 = -3*k - 2*h + 60. Let r be ((-25)/15)/((-5)/k). Suppose -r*v = -186 - 42. What are the prime factors of v?
2, 19
List the prime factors of (-5)/2*(-10 - -4 - 272).
5, 139
What are the prime factors of (-6 - (-3 - 2))/((-3)/504)?
2, 3, 7
Let l = -2018 + 2957. List the prime factors of l.
3, 313
Suppose 4*c - 52 - 31 = 3*z, 0 = z + 1. Suppose 0*u = -3*u + 522. What are the prime factors of (-12)/c + u/15?
11
List the prime factors of 14986/(-635)*55/(-2).
11, 59
Let o = -101 + 2872. What are the prime factors of o?
17, 163
Let r = -53 - -39. Let i = 22 + r. List the prime factors of i.
2
Let g = -868 - -1623. List the prime factors of g.
5, 151
Let g(d) = 21*d**2 + 7*d - 22. Let q be g(7). Suppose 12*o + q = 18*o. List the prime factors of o.
2, 11
Let u be (198/(-21))/(2/(-14)). Suppose 3*i = u - 18. What are the prime factors of (1 - (-20)/i)*4?
3
Let m = -421 - -1240. List the prime factors of m.
3, 7, 13
Suppose -4*t + 4*u = u - 19, 3*t - 4*u - 16 = 0. Let s(k) = 5*k**2 - k**3 - 7 + k + k + k. What are the prime factors of s(t)?
3, 7
Let k = 22 + -18. Let f(a) = 9*a + 7. List the prime factors of f(k).
43
Suppose g - i = 4*i + 49, 5*g - 95 = -5*i. What are the prime factors of g?
2, 3
Suppose 5*p - 4*g = p + 2008, -3*p + 1478 = 4*g. What are the prime factors of p?
2, 3, 83
Let w(k) = -k**3 + 4*k**2 - 5. Let m be w(4). Let x be (-160)/(-48)*6/m. What are the prime factors of (-160)/x - (0 + -4)?
2, 11
Suppose 0 = -o + 27 - 21. Suppose 0 = -w - 4*f + 196, -o*f = 3*w - 2*f - 564. What are the prime factors of w?
2, 23
Suppose -5*m = -3*p - 262 + 1397, 0 = -5*p - 2*m + 1933. What are the prime factors of p?
5, 7, 11
Let x(d) = -17*d + 12. Let c(j) = 33*j - 25. Let s(b) = -3*c(b) - 7*x(b). What are the prime factors of s(4)?
71
Suppose -2*w + 16 = 8. List the prime factors of w/26 - (-2024)/26.
2, 3, 13
Let a = 27 - -7. Suppose -38*q + 152 = -a*q. What are the prime factors of q?
2, 19
Let n(k) be the first derivative of -k**2/2 - 2*k + 7. Let q be n(-3). Let t = 40 + q. List the prime factors of t.
41
Suppose -3*w - 15 = 0, -3*q + 525 + 962 = -w. Suppose 368 = 3*d - 0*s - 2*s, 0 = 4*d - 2*s - q. List the prime factors of d.
2, 3, 7
Let p be 104/6 + (-1)/3. Let i = -14 + p. Suppose -2*n + 4*n - 19 = -5*y, -5*n = i*y - 76. List the prime factors of n.
17
Let g(a) = -a**3 - 3*a**2 - 3*a - 7. Let s = -17 - -10. Let f be (70/8)/s*4. List the prime factors of g(f).
2, 29
Let n(v) = -4*v**2 + 2*v + 17. Let d be n(7). Let h = d - -246. What are the prime factors of h?
3
Suppose 2 = h + 5*t, 3*t = 2*t. Let f be 13/26 + 11/h. Suppose 30 = -i + f*i. What are the prime factors of i?
2, 3
Suppose 3 = -z + q, -3*z + 4*z - 3 = 4*q. Let t = -6 - 2. Let r = z - t. What are the prime factors of r?
3
Let v be (-14 + 8 + -4)*-2. What are the prime factors of v*3/((-24)/(-34))?
5, 17
Suppose 2 = -4*n + 6. Let c be (2 + n)/((-12)/(-8)). Suppose -c*v = 3*s - 21 - 10, -v + 5 = 0. List the prime factors of s.
7
Let l(k) = -k + 2. Let h be l(2). Let q = -192 - -196. Let v = h + q. List the prime factors of v.
2
Let d be (-2)/9 - (-868)/(-63). Let b be (d/8)/((-6)/24). What are the prime factors of 0 + 26 + (4 - b)?
23
Let g be (9/(-15))/((-1)/5). Suppose 2*i = i + g. Let k = 12 - i. List the prime factors of k.
3
Let s = 752 - -1211. What are the prime factors of s?
13, 151
Suppose -y + 3 = 0, t = 5*t - 2*y + 58. Let a(g) be the first derivative of g**4/4 + 14*g**3/3 + 13*g**2/2 + 2*g - 49. What are the prime factors of a(t)?
2
Suppose -d + 3*d - 22 = 0. Let q = d + -27. List the prime factors of 1 - (1 + 0 + q).
2
Suppose 3*t = 10 - 4. Suppose -10 + 8 = -t*a. List the prime factors of (-4 - -2)/(a/(-12)).
2, 3
Suppose 15*w + 14*w - 26622 = 0. List the prime factors of w.
2, 3, 17
Let j = 62 + -62. Suppose j = -69*x + 64*x + 575. What are the prime factors of x?
5, 23
Let c(t) = 21*t**3 + t**2 + t - 2. Let n be c(2). Suppose 74 = 3*l - n. List the prime factors of l.
2, 41
Let f be 6/24*(20 - 0). Suppose -k = -3*a + 136 + 204, 3*k = f*a - 564. List the prime factors of a.
2, 3, 19
What are the prime factors of 5 + 2 + (912 - 5) + 2?
2, 229
Let m(d) = -5*d**3 + 2*d - 3. Let l = 15 - 13. Let u be m(l). List the prime factors of -2 - u - (7 + -5).
5, 7
Suppose 98 = 6*r - 244. Let z = 109 - r. What are the prime factors of z?
2, 13
Let j(u) = -u**3 + 11*u**2 - u + 7. Let h be j(11). Let v(r) = -7*r - 8. What are the prime factors of v(h)?
2, 5
Let r = 7 + -5. Suppose 